*l = -198, -2*g - 5*l + m = 0. What is the remainder when g is divided by 13?
12
Calculate the remainder when 36 + -16 - (-6 - -2) is divided by 9.
6
Suppose 5 = -5*s, -3*j + 0*s + 313 = -4*s. Calculate the remainder when 234 is divided by j.
28
Let p(h) = 36*h**2 - h + 1. Suppose -4*o + 5 + 1 = -5*n, 0 = 3*n + 2*o - 14. Let b be (0 + n)*1 - 1. Calculate the remainder when p(b) is divided by 13.
10
Let v(h) = -h**3 - 9*h**2 - 13*h - 12. Let f(m) = 2*m**2 + 5*m - 21. What is the remainder when f(5) is divided by v(-8)?
26
Let h(c) = -50*c - 241. Suppose 4*s = -26 + 86. Calculate the remainder when h(-6) is divided by s.
14
Let c(u) = u**3 + u**2 + 5. Let v be c(0). Let p = -2 + v. What is the remainder when 5 is divided by p?
2
Calculate the remainder when 1329 is divided by (2944/10)/4 + (-126)/(-315).
71
Let h be (30/20)/(1/156). Suppose -h = -2*f - 4*f. What is the remainder when 115 is divided by f?
37
Let s be 3/(-2) + 135/6. Let l = s + -11. Suppose 0 = 5*a - 10, -3*a = o - 3 - l. What is the remainder when 18 is divided by o?
4
Suppose -31 = -2*q - 5*o, -2*o = -2*q - 5*o + 29. Suppose -q*n + 1860 = -3*n. Calculate the remainder when n is divided by 27.
24
Suppose -3*g - 32 = -g. Let t be (-2)/13 + (2824/(-26))/(-4). Let f = g + t. What is the remainder when 30 is divided by f?
8
Let s be (-2)/(-5) + 96/10. Let h(z) be the first derivative of 6*z**2 - 15*z - 17. Calculate the remainder when h(s) is divided by 27.
24
Let g = 28 - 16. Let s = -599 - -646. What is the remainder when s is divided by g?
11
What is the remainder when (-9)/(-3) + 112/8 is divided by 7?
3
Suppose -18772*r = -18759*r - 91. Suppose 2*n = 2*l + 58, -5*l + 119 = 5*n - 76. What is the remainder when n is divided by r?
6
Let f be (-15)/10*10/(-3). Suppose 3*g - 8 = -g. Suppose d - 7 = -g*y - 2*y, 5 = d + f*y. Calculate the remainder when 55 is divided by d.
10
Suppose 843 = 13*z - 314. Calculate the remainder when 174 is divided by z.
85
Suppose 0 = -2*z - 578 + 204. Let t = 131 + z. Calculate the remainder when 46 is divided by (6/1)/((-21)/t).
14
Let c be 42 + 3 + (-4 - -5). Suppose 13*v - 11*v - c = 0. What is the remainder when 44 is divided by v?
21
Calculate the remainder when (-14)/((-90)/80 + 1) is divided by 45.
22
Let k(x) = x**3 + 10*x**2 + 9*x - 2. Let q be k(-9). Let y be (q - (-2 + 1)) + 7. Let r(a) = 2*a - 8. Calculate the remainder when 19 is divided by r(y).
3
Suppose -a + 5 = 2*q, -a - 3*a = 5*q - 14. Suppose 4*i = -q*l, 5*i - l + 2*l = -6. Let f(m) = -46*m - 5. What is the remainder when f(i) is divided by 30?
27
Let p = -204 + 298. Let f(d) = 2*d**2 + 13*d + 20. Let s be f(-11). Suppose -5*a + 1 = -s. What is the remainder when p is divided by a?
22
Let t = -19 + 7. Suppose -7*f + 135 = -2*f. Calculate the remainder when f is divided by t*(51/(-12) - -3).
12
Let w(m) = m**2 - 15*m - 6. Let c be w(15). Let a = -4 - c. Calculate the remainder when 7 is divided by a.
1
Suppose -14*i + 2292 = -102. What is the remainder when i is divided by 81?
9
Let o = -13 - -13. Suppose o*s - 2*s + 32 = 0. Suppose -g - g + s = 0. What is the remainder when g is divided by 3?
2
Let h(w) = 5*w + 8. Let x(p) = -p**3 - 13*p**2 + 14*p - 5. Let r be x(-14). Calculate the remainder when h(4) is divided by r/1*(1 + -2).
3
Let g(b) = -b - 2. What is the remainder when g(-11) is divided by 5?
4
Suppose 0 = 32*y - 33*y + 12. Calculate the remainder when 20 is divided by y.
8
Let x = 5 - 0. Suppose -x*v + 274 = 29. Suppose -8*g + 43 = -61. Calculate the remainder when v is divided by g.
10
Let q = 285 + -142. Let a = -90 + q. Let t(k) = -k**2 + 7*k + 9. What is the remainder when a is divided by t(7)?
8
Suppose c = 4*f - 862 + 226, -4*c = -3*f + 477. What is the remainder when f is divided by 49?
12
Let w = 11 - -51. What is the remainder when w - ((-12)/(-4) + -4) is divided by 13?
11
Let d = 6 + -9. Let i = 673 - 669. Calculate the remainder when 15 is divided by (3/d + i)*1.
0
Suppose 13 = -n + 141. Suppose -5*w + 325 = 5*r, -2*r + 3*w - 7*w = -n. Let m(t) = 24*t**3 - 2*t**2 + 2*t - 1. What is the remainder when r is divided by m(1)?
20
Let y = 29 + 63. Suppose 0 = y*j - 96*j + 68. Calculate the remainder when j is divided by 7.
3
Let w = 254 + -192. What is the remainder when 619 is divided by w?
61
What is the remainder when 184 is divided by 156/(-2 + 5) + (-6 - -3)?
37
Suppose 2*k + 3*k = 0. Suppose w - 5*c - 29 = k, 4*w - 5*c - 75 = 11. What is the remainder when 1 + (34 - 2 - -2) is divided by w?
16
Suppose -4220 = -2061*h + 2051*h. Calculate the remainder when h is divided by 139.
5
Let s(v) = v + 15. Let x be s(-9). Let g = -39 + x. Let u = g + 48. Calculate the remainder when u is divided by 4.
3
Let t = -35 + 37. Let y(i) = i**2 - 4*i - 4. What is the remainder when t is divided by y(5)?
0
Let t = 142 - -62. What is the remainder when t is divided by 69?
66
Calculate the remainder when 4192/(-64)*(-1 + -1) is divided by 21.
5
Suppose 7 - 23 = -4*s, 4*u + 2*s - 120 = 0. What is the remainder when 43 is divided by u?
15
Calculate the remainder when (-7)/14*14 - (-614 + 3) is divided by 5.
4
Suppose -14*x = -179 - 311. Suppose q + 2*u + u = 5, 2*q + u - x = 0. Calculate the remainder when 96 is divided by q.
16
Calculate the remainder when 107 is divided by -6 + -3 + 28 + -4.
2
Suppose -3*r - 126 = -3*k, 0*r = 2*r. Calculate the remainder when 123 is divided by k.
39
Let l(n) = 9*n + 2. Let d be l(-2). Let m = d - -21. Calculate the remainder when m is divided by 5.
0
Let h(k) = k**2 - 13*k - 3. Suppose -3*m + 48 = m. Let a be h(m). What is the remainder when (0 - 12/a)*80 is divided by 22?
20
Let g = 100 - 99. Let z = 3 - 1. What is the remainder when 9 is divided by (z + 1)/(g - 0)?
0
Suppose -10*c = 57 + 43. Let a(q) = q**3 + 9*q**2 - 15*q - 5. Calculate the remainder when a(c) is divided by 24.
21
Let g be 0 + (9/(-6))/((-2)/(-4)). What is the remainder when 95 is divided by 17 + 9/g + 2?
15
Let l be -3 - -3 - 0/((-12)/3). Suppose 4*g = y - 74, l = g - 6*g. Let u(p) = p**3 + 6*p**2 - 2*p + 3. What is the remainder when y is divided by u(-5)?
36
Let z = -25 + 47. Suppose -4*x + 0*d + 16 = -2*d, 0 = -5*x + 4*d + 20. What is the remainder when z is divided by x?
2
Suppose 3 = -4*o - 5. Let s(l) = 15*l - 6. Let b be s(4). Calculate the remainder when (0 + o - -3) + b is divided by 28.
27
Let u be (2/3)/((-10)/15). What is the remainder when (-144)/(-10) + (-2)/5 is divided by u + -1 - (-6 + -1)?
4
Let o(q) = 34*q**2 + 202*q - 1. Calculate the remainder when 62 is divided by o(-6).
7
Let q be 1/(-18)*3 + 25/6. Suppose q*c = -4*t + 124, 66 + 95 = 5*c - t. Calculate the remainder when c is divided by 17.
15
What is the remainder when 109 is divided by 690/55 - (-24)/(-44) - 5?
4
Calculate the remainder when 2/(-8) - -922*(-8)/(-64) is divided by 30.
25
Let t = -42 - -169. Suppose -6*r = -571 + t. What is the remainder when r is divided by 11?
8
Suppose -4*d - 22 = f - 2*f, -2 = d. Suppose 0 = -3*a + 4*i + 125, 4*a - a + i - 115 = 0. What is the remainder when a is divided by f?
11
Let f be (-18)/24 + 875/4. Calculate the remainder when 2/4 - f/(-4) is divided by 29.
26
Let m = 24 + -27. What is the remainder when 49 - -4 - 1 - m is divided by 19?
17
Let c = -1 + 2. Suppose z = -c + 3. Let p = -9 - -11. Calculate the remainder when p is divided by z.
0
Suppose y = 0, 812 = 7*m - 3*m + 2*y. Calculate the remainder when m is divided by 102.
101
Suppose 6*l - 7*l + 38 = 0. Suppose 0*j = -v + 3*j + l, -3*v = 5*j - 114. Calculate the remainder when v is divided by 14.
10
Let l(t) = -t**2 + 10*t + 4. Calculate the remainder when ((-1390)/(-20) + -1)/(1/2) is divided by l(6).
25
Suppose 5*r = 4*w - 68, r + 8 = 2*w - 20. Calculate the remainder when w is divided by 11.
1
Suppose 0 = 83*c - 211 - 204. Let s = -8 - -17. What is the remainder when s is divided by c?
4
Suppose -11*l - 685 = -6*l. Let y = 193 + l. What is the remainder when y is divided by 10?
6
Suppose -4*v + 7*v = 3. Let q(k) = 8*k**3 - k**2 + 4*k - 2. Suppose 3*u + 0*u - 78 = 0. What is the remainder when u is divided by q(v)?
8
Suppose -l + 18 = 8*l. Suppose 0*c = 3*c - 12. What is the remainder when c is divided by l?
0
Let l(j) = j**2 + 7*j - 8. Calculate the remainder when (840/28)/(35/14) is divided by l(-